{"id":66,"date":"2020-06-12T11:59:51","date_gmt":"2020-06-12T09:59:51","guid":{"rendered":"http:\/\/www.emploi.ambitio.fr\/ambitioemploi\/?page_id=66"},"modified":"2021-06-07T10:37:43","modified_gmt":"2021-06-07T08:37:43","slug":"espace-candidat","status":"publish","type":"page","link":"https:\/\/www.emploi.ambitio.fr\/ambitioemploi\/espace-candidat\/","title":{"rendered":"Espace Candidat"},"content":{"rendered":"\n<p><span class=\"has-inline-color has-white-color\">_<\/span><\/p>\n\n\n\n<div class=\"wp-block-media-text alignwide is-stacked-on-mobile is-image-fill has-background\" style=\"background-color:#cfd9e9\"><figure class=\"wp-block-media-text__media\" style=\"background-image:url(https:\/\/www.emploi.ambitio.fr\/ambitioemploi\/wp-content\/uploads\/2021\/06\/Capture-decran-2021-06-01-a-09.01.41-1024x574.png);background-position:21% 41%\"><img loading=\"lazy\" width=\"1024\" height=\"574\" src=\"https:\/\/www.emploi.ambitio.fr\/ambitioemploi\/wp-content\/uploads\/2021\/06\/Capture-decran-2021-06-01-a-09.01.41-1024x574.png\" alt=\"Ambitio Emploi, cabinet de conseils en ressources humaines : espace candidat \n\" class=\"wp-image-535 size-full\" srcset=\"https:\/\/www.emploi.ambitio.fr\/ambitioemploi\/wp-content\/uploads\/2021\/06\/Capture-decran-2021-06-01-a-09.01.41-1024x574.png 1024w, https:\/\/www.emploi.ambitio.fr\/ambitioemploi\/wp-content\/uploads\/2021\/06\/Capture-decran-2021-06-01-a-09.01.41-300x168.png 300w, https:\/\/www.emploi.ambitio.fr\/ambitioemploi\/wp-content\/uploads\/2021\/06\/Capture-decran-2021-06-01-a-09.01.41-768x431.png 768w, https:\/\/www.emploi.ambitio.fr\/ambitioemploi\/wp-content\/uploads\/2021\/06\/Capture-decran-2021-06-01-a-09.01.41.png 1236w\" sizes=\"(max-width: 1024px) 100vw, 1024px\" \/><\/figure><div class=\"wp-block-media-text__content\">\n<p><span style=\"color:#cfd9e9\" class=\"has-inline-color\">_<\/span><\/p>\n\n\n\n<p style=\"font-size:18px\"><strong><span class=\"has-inline-color has-black-color\">Vous \u00eates :<\/span><\/strong><\/p>\n\n\n\n<p style=\"font-size:17px\"><strong><span class=\"has-inline-color has-black-color\">&gt;<\/span><\/strong> <span class=\"has-inline-color has-black-color\">\u00c0 la recherche d\u2019un emploi (CDD, CDI, contrats \u00e9tudiants).<\/span><\/p>\n\n\n\n<p style=\"font-size:17px\"><strong><span class=\"has-inline-color has-black-color\">&gt;<\/span><\/strong> <span class=\"has-inline-color has-black-color\">\u00c0 l&rsquo;\u00e9coute de nouvelles opportunit\u00e9s professionnelles<\/span>.<\/p>\n\n\n\n<p style=\"font-size:17px\"><strong><span class=\"has-inline-color has-black-color\">&gt;<\/span><\/strong> <span class=\"has-inline-color has-black-color\">En recherche d\u2019accompagnement pour r\u00e9ussir dans vos attentes et aspirations<\/span>.<\/p>\n\n\n\n<p><span style=\"color:#cfd9e9\" class=\"has-inline-color\">_<\/span><\/p>\n\n\n\n<div class=\"wp-block-buttons\">\n<div class=\"wp-block-button\"><a class=\"wp-block-button__link\" href=\"https:\/\/www.emploi.ambitio.fr\/ambitioemploi\/nos-offres-demplois-2\/\">D\u00e9couvrez nos offres d&#8217;emploi<\/a><\/div>\n<\/div>\n<\/div><\/div>\n\n\n\n<p><span class=\"has-inline-color has-white-color\">_<\/span><\/p>\n\n\n\n<div class=\"wp-block-columns\">\n<div class=\"wp-block-column\">\n<h2><span class=\"has-inline-color has-black-color\">NOS ENGAGEMENTS <\/span><\/h2>\n\n\n\n<p><span class=\"has-inline-color has-black-color\">Chez Ambitio Emploi, notre \u00e9quipe travaille \u00e0 vos c\u00f4t\u00e9s pour trouver l\u2019emploi qui vous correspond. De plus, vous b\u00e9n\u00e9ficiez d\u2019un <strong>accompagnement personnalis\u00e9<\/strong> car nous sommes convaincus que chaque candidat est unique. Nous \u00e9tablissons nos \u00e9changes sur la<strong> confiance<\/strong> et la <strong>bienveillance<\/strong>. Ainsi, au-del\u00e0 de vos comp\u00e9tences, nous vous aidons \u00e0 mettre en avant votre <strong>personnalit\u00e9<\/strong> et vos <strong>motivations<\/strong>. Enfin, notre cabinet reste \u00e0 votre <strong>\u00e9coute<\/strong> pendant votre int\u00e9gration en entreprise.<\/span><\/p>\n<\/div>\n<\/div>\n\n\n\n<h2><span class=\"has-inline-color has-black-color\"> <\/span><\/h2>\n\n\n\n<div class=\"wp-block-group\"><div class=\"wp-block-group__inner-container\">\n<div class=\"wp-block-group\"><div class=\"wp-block-group__inner-container\">\n<div class=\"wp-block-media-text alignwide has-media-on-the-right is-stacked-on-mobile is-image-fill has-background\" style=\"background-color:#cfd9e9\"><figure class=\"wp-block-media-text__media\" style=\"background-image:url(https:\/\/www.emploi.ambitio.fr\/ambitioemploi\/wp-content\/uploads\/2020\/06\/man-and-woman-near-table-3184465-1024x683.jpg);background-position:50% 50%\"><img loading=\"lazy\" width=\"1024\" height=\"683\" src=\"https:\/\/www.emploi.ambitio.fr\/ambitioemploi\/wp-content\/uploads\/2020\/06\/man-and-woman-near-table-3184465-1024x683.jpg\" alt=\"Ambitio Emploi, cabinet de conseils en ressources humaines : espace candidat \n\" class=\"wp-image-22 size-full\" srcset=\"https:\/\/www.emploi.ambitio.fr\/ambitioemploi\/wp-content\/uploads\/2020\/06\/man-and-woman-near-table-3184465-1024x683.jpg 1024w, https:\/\/www.emploi.ambitio.fr\/ambitioemploi\/wp-content\/uploads\/2020\/06\/man-and-woman-near-table-3184465-300x200.jpg 300w, https:\/\/www.emploi.ambitio.fr\/ambitioemploi\/wp-content\/uploads\/2020\/06\/man-and-woman-near-table-3184465-768x512.jpg 768w, https:\/\/www.emploi.ambitio.fr\/ambitioemploi\/wp-content\/uploads\/2020\/06\/man-and-woman-near-table-3184465-1536x1024.jpg 1536w, https:\/\/www.emploi.ambitio.fr\/ambitioemploi\/wp-content\/uploads\/2020\/06\/man-and-woman-near-table-3184465-2048x1365.jpg 2048w\" sizes=\"(max-width: 1024px) 100vw, 1024px\" \/><\/figure><div class=\"wp-block-media-text__content\">\n<h2><span class=\"has-inline-color has-black-color\">NOS SERVICES<\/span> <\/h2>\n\n\n\n<div class=\"wp-block-group\"><div class=\"wp-block-group__inner-container\">\n<p class=\"has-normal-font-size\"><strong><span class=\"has-inline-color has-black-color\">&gt;<\/span><\/strong> <span class=\"has-inline-color has-black-color\"><strong>Conseils<\/strong> personnalis\u00e9s pour vous pr\u00e9parer aux entretiens d\u2019embauche (simulation).<\/span><\/p>\n\n\n\n<p class=\"has-normal-font-size\"><strong><span class=\"has-inline-color has-black-color\">&gt;<\/span><\/strong> <span class=\"has-inline-color has-black-color\"><strong>Aide<\/strong> \u00e0 l\u2019\u00e9laboration de votre CV afin de l\u2019adapter aux offres d\u2019emploi et au march\u00e9.<\/span><\/p>\n\n\n\n<p class=\"has-normal-font-size\"><strong><span class=\"has-inline-color has-black-color\">&gt;<\/span><\/strong> <span class=\"has-inline-color has-black-color\"><strong>Synth\u00e8se<\/strong> sur votre situation et vos projets professionnels.&nbsp;<\/span><\/p>\n\n\n\n<p class=\"has-normal-font-size\"><strong><span class=\"has-inline-color has-black-color\">&gt;<\/span><\/strong> <span class=\"has-inline-color has-black-color\"><strong>Conseils<\/strong> avis\u00e9s pour une reconversion ou une orientation professionnelle.<\/span><\/p>\n\n\n\n<p class=\"has-normal-font-size\"><span class=\"has-inline-color has-black-color\"><strong> &gt;<\/strong> <strong>Accompagnement<\/strong> dans votre recherche d\u2019emploi et dans les diff\u00e9rentes \u00e9tapes du recrutement.<\/span><\/p>\n<\/div><\/div>\n<\/div><\/div>\n\n\n\n<h2><span class=\"has-inline-color has-white-color\">Candidat<\/span><\/h2>\n\n\n\n<div class=\"wp-block-group\"><div class=\"wp-block-group__inner-container\">\n<h2><span class=\"has-inline-color has-black-color\">NOTRE PROCESSUS DE RECRUTEMENT<\/span><\/h2>\n\n\n\n<div class=\"wp-block-group\"><div class=\"wp-block-group__inner-container\">\n<p>\ud83d\udc64<span class=\"has-inline-color has-black-color\">\u00c9tude de votre candidature ou analyse de votre profil.<\/span><\/p>\n\n\n\n<p>\ud83d\udcde <span class=\"has-inline-color has-black-color\">Premier \u00e9change t\u00e9l\u00e9phonique (pr\u00e9sentation du poste, compr\u00e9hension de votre parcours professionnel et de vos besoins).<\/span><\/p>\n\n\n\n<p>\ud83d\udce9 <span class=\"has-inline-color has-black-color\">Envoi de votre candidature si votre profil correspond \u00e0 nos offres.&nbsp;<\/span><\/p>\n\n\n\n<p>\ud83d\udc65 <span class=\"has-inline-color has-black-color\">Entretien avec notre client si votre profil a \u00e9t\u00e9 retenu.<\/span><\/p>\n\n\n\n<p>\ud83d\udca1 <span class=\"has-inline-color has-black-color\">\u00c9change post-entretien.<\/span><\/p>\n\n\n\n<p>\u270d\ud83c\udffc <span class=\"has-inline-color has-black-color\">Accompagnement pendant la signature du contrat.<\/span><\/p>\n\n\n\n<p>\ud83d\udcbc <span class=\"has-inline-color has-black-color\">Suivi de votre int\u00e9gration en entreprise.<\/span>&nbsp;<\/p>\n\n\n\n<h3><span class=\"has-inline-color has-white-color\">Candidat<\/span><\/h3>\n\n\n\n<p><\/p>\n<\/div><\/div>\n<\/div><\/div>\n<\/div><\/div>\n<\/div><\/div>\n\n\n\n<div class=\"wp-block-group has-background\" style=\"background-color:#cfd9e9\"><div class=\"wp-block-group__inner-container\">\n<p><span style=\"color:#cfd9e9\" class=\"has-inline-color\">_<\/span><\/p>\n\n\n\n<div class=\"wp-block-group has-background\" style=\"background-color:#cfd9e9\"><div class=\"wp-block-group__inner-container\">\n<p class=\"has-text-align-left\"><span style=\"color:#cfd9e9\" class=\"has-inline-color\">&#8230;&#8230;..<\/span>\u274c<span class=\"has-inline-color has-black-color\">&nbsp;Vous consultez pendant de nombreuses heures des offres d\u2019emploi&nbsp;?&nbsp;<\/span><\/p>\n\n\n\n<p class=\"has-text-align-left\"><span style=\"color:#cfd9e9\" class=\"has-inline-color\">&#8230;&#8230;..<\/span>\u274c<span class=\"has-inline-color has-black-color\">&nbsp;Vous n\u2019avez pas ou tr\u00e8s peu de retours \u00e0 vos candidatures ?<\/span><\/p>\n\n\n\n<p class=\"has-text-align-left\"><span style=\"color:#cfd9e9\" class=\"has-inline-color\">&#8230;&#8230;..<\/span>\u274c&nbsp;&nbsp;<span class=\"has-inline-color has-black-color\">Le processus de contact est lent et les \u00e9changes avec les entreprises&nbsp;sont limit\u00e9s ?&nbsp;<\/span><\/p>\n\n\n\n<p><span style=\"color:#cfd9e9\" class=\"has-inline-color\">_<\/span><\/p>\n\n\n\n<p class=\"has-text-align-center\"><span style=\"color:#cfd9e9\" class=\"has-inline-color\">&#8230;&#8230;..<\/span>\u2705<span class=\"has-inline-color has-black-color\">&nbsp;<strong>Parce que trouver un emploi est un v\u00e9ritable challenge, notre cabinet de conseils en ressources humaines simplifie vos d\u00e9marches de recherches. D\u00e9posez votre candidature ou postulez \u00e0 une offre et nos consultantes en recrutement vous accompagnerons.&nbsp;<\/strong><\/span><\/p>\n<\/div><\/div>\n\n\n\n<div class=\"wp-block-buttons is-content-justification-center\">\n<div class=\"wp-block-button\"><a class=\"wp-block-button__link\" href=\"https:\/\/www.emploi.ambitio.fr\/ambitioemploi\/contact\/\">Contactez-nous<\/a><\/div>\n<\/div>\n\n\n\n<p><span style=\"color:#cfd9e9\" class=\"has-inline-color\">_<\/span><\/p>\n<\/div><\/div>\n\n\n\n<div style=\"height:39px\" aria-hidden=\"true\" class=\"wp-block-spacer\"><\/div>\n\n\n\n<div class=\"wp-block-qubely-socialicons qubely-block-0ae616\"><div class=\"qubely-block-social-icons  qubely-layout-fill qubely-style-default\"><ul class=\"qubely-ul\"><li class=\"qubely-li qubely-social-item qubely-social-facebook\" arealabel=\"Facebook\"><a href=\"https:\/\/www.facebook.com\/Ambitio-Emploi-1335093416513809\/\" target=\"_blank\" rel=\"nofollow noopener noreferrer\"><i class=\"qubely-social-icon fab fa-facebook\"><\/i><span class=\"qubely-social-label\">Facebook<\/span><\/a><\/li><li class=\"qubely-li qubely-social-item qubely-social-linkedin\" arealabel=\"LinkedIn\"><a href=\"https:\/\/www.linkedin.com\/company\/ambitio-emploi\" target=\"_blank\" rel=\"nofollow noopener noreferrer\"><i class=\"qubely-social-icon fab fa-linkedin\"><\/i><span class=\"qubely-social-label\">LinkedIn<\/span><\/a><\/li><\/ul><\/div><\/div>\n\n\n\n<div class=\"wp-block-columns\">\n<div class=\"wp-block-column\" style=\"flex-basis:50%\"><\/div>\n\n\n\n<div class=\"wp-block-column\"><\/div>\n<\/div>\n","protected":false},"excerpt":{"rendered":"<p>_ _ NOS ENGAGEMENTS Chez Ambitio Emploi, notre \u00e9quipe travaille \u00e0 vos c\u00f4t\u00e9s pour trouver l\u2019emploi qui vous correspond. De plus, vous b\u00e9n\u00e9ficiez d\u2019un accompagnement personnalis\u00e9 car nous sommes convaincus que chaque candidat est unique. Nous \u00e9tablissons nos \u00e9changes sur la confiance et la bienveillance. Ainsi, au-del\u00e0 de vos comp\u00e9tences, nous vous aidons \u00e0 mettre [&hellip;]<\/p>\n","protected":false},"author":1,"featured_media":0,"parent":0,"menu_order":0,"comment_status":"closed","ping_status":"closed","template":"","meta":{"qubely_global_settings":"","qubely_interactions":""},"yoast_head":"<!-- This site is optimized with the Yoast SEO plugin v16.4 - https:\/\/yoast.com\/wordpress\/plugins\/seo\/ -->\n<title>Espace candidat offres d&#039;emploi (CDI, CDD) - Ambitio Emploi<\/title>\n<meta name=\"description\" content=\"Ambitio Emploi travaille \u00e0 vos c\u00f4t\u00e9s pour trouver l&#039;emploi qui vous correspond car nous sommes convaincus que chaque candidat est unique.\" \/>\n<meta name=\"robots\" content=\"index, follow, max-snippet:-1, max-image-preview:large, max-video-preview:-1\" \/>\n<link rel=\"canonical\" href=\"https:\/\/www.emploi.ambitio.fr\/ambitioemploi\/espace-candidat\/\" \/>\n<meta property=\"og:locale\" content=\"fr_FR\" \/>\n<meta property=\"og:type\" content=\"article\" \/>\n<meta property=\"og:title\" content=\"Espace candidat offres d&#039;emploi (CDI, CDD) - Ambitio Emploi\" \/>\n<meta property=\"og:description\" content=\"Ambitio Emploi travaille \u00e0 vos c\u00f4t\u00e9s pour trouver l&#039;emploi qui vous correspond car nous sommes convaincus que chaque candidat est unique.\" \/>\n<meta property=\"og:url\" content=\"https:\/\/www.emploi.ambitio.fr\/ambitioemploi\/espace-candidat\/\" \/>\n<meta property=\"og:site_name\" content=\"AMBITIO EMPLOI\" \/>\n<meta property=\"article:modified_time\" content=\"2021-06-07T08:37:43+00:00\" \/>\n<meta property=\"og:image\" content=\"https:\/\/www.emploi.ambitio.fr\/ambitioemploi\/wp-content\/uploads\/2021\/06\/Capture-decran-2021-06-01-a-09.01.41-1024x574.png\" \/>\n<meta name=\"twitter:card\" content=\"summary_large_image\" \/>\n<meta name=\"twitter:label1\" content=\"Dur\u00e9e de lecture est.\" \/>\n\t<meta name=\"twitter:data1\" content=\"2 minutes\" \/>\n<script type=\"application\/ld+json\" class=\"yoast-schema-graph\">{\"@context\":\"https:\/\/schema.org\",\"@graph\":[{\"@type\":\"Organization\",\"@id\":\"https:\/\/www.emploi.ambitio.fr\/ambitioemploi\/#organization\",\"name\":\"AMBITIO EMPLOI\",\"url\":\"https:\/\/www.emploi.ambitio.fr\/ambitioemploi\/\",\"sameAs\":[],\"logo\":{\"@type\":\"ImageObject\",\"@id\":\"https:\/\/www.emploi.ambitio.fr\/ambitioemploi\/#logo\",\"inLanguage\":\"fr-FR\",\"url\":\"https:\/\/www.emploi.ambitio.fr\/ambitioemploi\/wp-content\/uploads\/2021\/02\/AmbitioEmploiLogoTransparent.png\",\"contentUrl\":\"https:\/\/www.emploi.ambitio.fr\/ambitioemploi\/wp-content\/uploads\/2021\/02\/AmbitioEmploiLogoTransparent.png\",\"width\":600,\"height\":596,\"caption\":\"AMBITIO EMPLOI\"},\"image\":{\"@id\":\"https:\/\/www.emploi.ambitio.fr\/ambitioemploi\/#logo\"}},{\"@type\":\"WebSite\",\"@id\":\"https:\/\/www.emploi.ambitio.fr\/ambitioemploi\/#website\",\"url\":\"https:\/\/www.emploi.ambitio.fr\/ambitioemploi\/\",\"name\":\"AMBITIO EMPLOI\",\"description\":\"VOTRE PARTENAIRE RECRUTEMENT\",\"publisher\":{\"@id\":\"https:\/\/www.emploi.ambitio.fr\/ambitioemploi\/#organization\"},\"potentialAction\":[{\"@type\":\"SearchAction\",\"target\":\"https:\/\/www.emploi.ambitio.fr\/ambitioemploi\/?s={search_term_string}\",\"query-input\":\"required name=search_term_string\"}],\"inLanguage\":\"fr-FR\"},{\"@type\":\"ImageObject\",\"@id\":\"https:\/\/www.emploi.ambitio.fr\/ambitioemploi\/espace-candidat\/#primaryimage\",\"inLanguage\":\"fr-FR\",\"url\":\"https:\/\/www.emploi.ambitio.fr\/ambitioemploi\/wp-content\/uploads\/2021\/06\/Capture-decran-2021-06-01-a-09.01.41.png\",\"contentUrl\":\"https:\/\/www.emploi.ambitio.fr\/ambitioemploi\/wp-content\/uploads\/2021\/06\/Capture-decran-2021-06-01-a-09.01.41.png\",\"width\":1236,\"height\":693},{\"@type\":\"WebPage\",\"@id\":\"https:\/\/www.emploi.ambitio.fr\/ambitioemploi\/espace-candidat\/#webpage\",\"url\":\"https:\/\/www.emploi.ambitio.fr\/ambitioemploi\/espace-candidat\/\",\"name\":\"Espace candidat offres d'emploi (CDI, CDD) - Ambitio Emploi\",\"isPartOf\":{\"@id\":\"https:\/\/www.emploi.ambitio.fr\/ambitioemploi\/#website\"},\"primaryImageOfPage\":{\"@id\":\"https:\/\/www.emploi.ambitio.fr\/ambitioemploi\/espace-candidat\/#primaryimage\"},\"datePublished\":\"2020-06-12T09:59:51+00:00\",\"dateModified\":\"2021-06-07T08:37:43+00:00\",\"description\":\"Ambitio Emploi travaille \\u00e0 vos c\\u00f4t\\u00e9s pour trouver l'emploi qui vous correspond car nous sommes convaincus que chaque candidat est unique.\",\"breadcrumb\":{\"@id\":\"https:\/\/www.emploi.ambitio.fr\/ambitioemploi\/espace-candidat\/#breadcrumb\"},\"inLanguage\":\"fr-FR\",\"potentialAction\":[{\"@type\":\"ReadAction\",\"target\":[\"https:\/\/www.emploi.ambitio.fr\/ambitioemploi\/espace-candidat\/\"]}]},{\"@type\":\"BreadcrumbList\",\"@id\":\"https:\/\/www.emploi.ambitio.fr\/ambitioemploi\/espace-candidat\/#breadcrumb\",\"itemListElement\":[{\"@type\":\"ListItem\",\"position\":1,\"item\":{\"@type\":\"WebPage\",\"@id\":\"https:\/\/www.emploi.ambitio.fr\/ambitioemploi\/\",\"url\":\"https:\/\/www.emploi.ambitio.fr\/ambitioemploi\/\",\"name\":\"Accueil\"}},{\"@type\":\"ListItem\",\"position\":2,\"item\":{\"@id\":\"https:\/\/www.emploi.ambitio.fr\/ambitioemploi\/espace-candidat\/#webpage\"}}]}]}<\/script>\n<!-- \/ Yoast SEO plugin. -->","_links":{"self":[{"href":"https:\/\/www.emploi.ambitio.fr\/ambitioemploi\/wp-json\/wp\/v2\/pages\/66"}],"collection":[{"href":"https:\/\/www.emploi.ambitio.fr\/ambitioemploi\/wp-json\/wp\/v2\/pages"}],"about":[{"href":"https:\/\/www.emploi.ambitio.fr\/ambitioemploi\/wp-json\/wp\/v2\/types\/page"}],"author":[{"embeddable":true,"href":"https:\/\/www.emploi.ambitio.fr\/ambitioemploi\/wp-json\/wp\/v2\/users\/1"}],"replies":[{"embeddable":true,"href":"https:\/\/www.emploi.ambitio.fr\/ambitioemploi\/wp-json\/wp\/v2\/comments?post=66"}],"version-history":[{"count":58,"href":"https:\/\/www.emploi.ambitio.fr\/ambitioemploi\/wp-json\/wp\/v2\/pages\/66\/revisions"}],"predecessor-version":[{"id":718,"href":"https:\/\/www.emploi.ambitio.fr\/ambitioemploi\/wp-json\/wp\/v2\/pages\/66\/revisions\/718"}],"wp:attachment":[{"href":"https:\/\/www.emploi.ambitio.fr\/ambitioemploi\/wp-json\/wp\/v2\/media?parent=66"}],"curies":[{"name":"wp","href":"https:\/\/api.w.org\/{rel}","templated":true}]}}