{"id":26,"date":"2020-06-11T14:55:50","date_gmt":"2020-06-11T12:55:50","guid":{"rendered":"http:\/\/www.emploi.ambitio.fr\/ambitioemploi\/nos-offres-demplois\/"},"modified":"2021-06-07T12:00:28","modified_gmt":"2021-06-07T10:00:28","slug":"nos-offres-demplois","status":"publish","type":"page","link":"https:\/\/www.emploi.ambitio.fr\/ambitioemploi\/","title":{"rendered":""},"content":{"rendered":"\n<p><span class=\"has-inline-color has-white-color\">_<\/span><\/p>\n\n\n\n<div class=\"wp-block-media-text alignwide has-media-on-the-right is-stacked-on-mobile has-background\" style=\"background-color:#cfd9e9\"><figure class=\"wp-block-media-text__media\"><video controls src=\"https:\/\/www.emploi.ambitio.fr\/ambitioemploi\/wp-content\/uploads\/2021\/06\/Ambitio-Emploi.mp4\"><\/video><\/figure><div class=\"wp-block-media-text__content\">\n<h3 class=\"has-text-align-center\"><span class=\"has-inline-color has-black-color\">Parce que votre vision c&rsquo;est notre Ambition<\/span><\/h3>\n\n\n\n<p><span style=\"color:#cfd9e9\" class=\"has-inline-color\">_<\/span><\/p>\n\n\n\n<div class=\"wp-block-buttons is-content-justification-center\">\n<div class=\"wp-block-button\"><a class=\"wp-block-button__link\" href=\"https:\/\/www.emploi.ambitio.fr\/ambitioemploi\/ambitio-emploi\/\">En savoir plus<\/a><\/div>\n<\/div>\n<\/div><\/div>\n\n\n\n<div class=\"wp-block-media-text alignwide is-stacked-on-mobile is-vertically-aligned-center is-image-fill has-background\" style=\"background-color:#cfd9e9\"><figure class=\"wp-block-media-text__media\" style=\"background-image:url(https:\/\/www.emploi.ambitio.fr\/ambitioemploi\/wp-content\/uploads\/2021\/05\/smartmockups_koidtzap-1024x683.jpg);background-position:50% 50%\"><img loading=\"lazy\" width=\"1024\" height=\"683\" src=\"https:\/\/www.emploi.ambitio.fr\/ambitioemploi\/wp-content\/uploads\/2021\/05\/smartmockups_koidtzap-1024x683.jpg\" alt=\"Ambitio Emploi cabinet de conseils en ressources humaines \" class=\"wp-image-421 size-full\" srcset=\"https:\/\/www.emploi.ambitio.fr\/ambitioemploi\/wp-content\/uploads\/2021\/05\/smartmockups_koidtzap-1024x683.jpg 1024w, https:\/\/www.emploi.ambitio.fr\/ambitioemploi\/wp-content\/uploads\/2021\/05\/smartmockups_koidtzap-300x200.jpg 300w, https:\/\/www.emploi.ambitio.fr\/ambitioemploi\/wp-content\/uploads\/2021\/05\/smartmockups_koidtzap-768x512.jpg 768w, https:\/\/www.emploi.ambitio.fr\/ambitioemploi\/wp-content\/uploads\/2021\/05\/smartmockups_koidtzap-1536x1025.jpg 1536w, https:\/\/www.emploi.ambitio.fr\/ambitioemploi\/wp-content\/uploads\/2021\/05\/smartmockups_koidtzap.jpg 1920w\" sizes=\"(max-width: 1024px) 100vw, 1024px\" \/><\/figure><div class=\"wp-block-media-text__content\">\n<p class=\"has-text-align-center\" id=\"block-2f3e0963-7fa3-4d50-90af-526d8c46ea81\"><span class=\"has-inline-color has-black-color\">Au-del\u00e0 d\u2019un simple accord commercial, Ambitio Emploi vous offre un accompagnement personnalis\u00e9 et des conseils sur-mesure<em>.<\/em>&nbsp;Plus que des rencontres professionnelles entre candidats et employeurs, nous vous proposons de construire et d\u2019entretenir ensemble une collaboration durable. <\/span><\/p>\n<\/div><\/div>\n\n\n\n<p><span class=\"has-inline-color has-white-color\">__<\/span><\/p>\n\n\n\n<p><span class=\"has-inline-color has-black-color\">Face \u00e0 un environnement \u00e9conomique et social en perp\u00e9tuel changement, notre cabinet de conseils en ressources humaines ne cesse de <strong>s\u2019adapter<\/strong> aux \u00e9volutions du march\u00e9. Nous pla\u00e7ons notre expertise \u00e0 votre service pour vous apporter des r\u00e9ponses adapt\u00e9es \u00e0 vos besoins<em>.&nbsp;<\/em>Afin d\u2019\u00e9tablir une relation de <strong>confiance<\/strong> \u00e0 long terme, notre cabinet \u00e0 taille humaine place<strong> l\u2019anticipation<\/strong> et la <strong>proximit\u00e9<\/strong> au c\u0153ur de ses missions. Ambitio Emploi est fier de contribuer chaque jour \u00e0 la r\u00e9ussite de projets de carri\u00e8res et au d\u00e9veloppement des entreprises qui nous font confiance.<\/span><\/p>\n\n\n\n<p><span class=\"has-inline-color has-white-color\">_<\/span><\/p>\n\n\n\n<div class=\"wp-block-media-text alignwide is-stacked-on-mobile is-image-fill has-background\" style=\"background-color:#cfd9e9;grid-template-columns:35% auto\"><figure class=\"wp-block-media-text__media\" style=\"background-image:url(https:\/\/www.emploi.ambitio.fr\/ambitioemploi\/wp-content\/uploads\/2021\/05\/office-space-brainstorming-scaled-e1622455915905-1002x1024.jpg);background-position:50% 50%\"><img loading=\"lazy\" width=\"1002\" height=\"1024\" src=\"https:\/\/www.emploi.ambitio.fr\/ambitioemploi\/wp-content\/uploads\/2021\/05\/office-space-brainstorming-scaled-e1622455915905-1002x1024.jpg\" alt=\"Ambitio Emploi cabinet de conseils en ressources humaines \" class=\"wp-image-478 size-full\" srcset=\"https:\/\/www.emploi.ambitio.fr\/ambitioemploi\/wp-content\/uploads\/2021\/05\/office-space-brainstorming-scaled-e1622455915905-1002x1024.jpg 1002w, https:\/\/www.emploi.ambitio.fr\/ambitioemploi\/wp-content\/uploads\/2021\/05\/office-space-brainstorming-scaled-e1622455915905-294x300.jpg 294w, https:\/\/www.emploi.ambitio.fr\/ambitioemploi\/wp-content\/uploads\/2021\/05\/office-space-brainstorming-scaled-e1622455915905-768x785.jpg 768w, https:\/\/www.emploi.ambitio.fr\/ambitioemploi\/wp-content\/uploads\/2021\/05\/office-space-brainstorming-scaled-e1622455915905-1504x1536.jpg 1504w, https:\/\/www.emploi.ambitio.fr\/ambitioemploi\/wp-content\/uploads\/2021\/05\/office-space-brainstorming-scaled-e1622455915905.jpg 1670w\" sizes=\"(max-width: 1002px) 100vw, 1002px\" \/><\/figure><div class=\"wp-block-media-text__content\">\n<p><span style=\"color:#cfd9e9\" class=\"has-inline-color\">_<\/span><\/p>\n\n\n\n<p style=\"font-size:27px\"><strong><span class=\"has-inline-color has-black-color\">Nos valeurs,<\/span> <\/strong><\/p>\n\n\n\n<p class=\"has-text-align-left has-normal-font-size\"><img class=\"wp-image-479\" style=\"width: 35px;\" src=\"https:\/\/www.emploi.ambitio.fr\/ambitioemploi\/wp-content\/uploads\/2021\/05\/Capture_d_A\u00a9cran_2021-05-31_A-_11.35.44-removebg-preview.png\" alt=\"\"><span class=\"has-inline-color has-black-color\"><strong>D\u00e9ontologie <\/strong>    <\/span><\/p>\n\n\n\n<p class=\"has-text-align-left has-small-font-size\"><span class=\"has-inline-color has-black-color\">Ambitio Emploi exerce ses missions dans le <strong>respect de la vie priv\u00e9e<\/strong> de ses clients au m\u00eame titre que celle de ses candidats. Nous d\u00e9veloppons nos relations sur une base de <strong>confiance<\/strong> et de <strong>confidentialit\u00e9<\/strong>. Nous sommes \u00e9galement dans une d\u00e9marche constante de perfectionnement de nos comp\u00e9tences et de nos techniques afin de vous proposer une <strong>collaboration<\/strong> de qualit\u00e9.&nbsp;                                                                     <\/span><\/p>\n\n\n\n<p><img loading=\"lazy\" width=\"35\" height=\"30\" class=\"wp-image-480\" style=\"width: 35px;\" src=\"https:\/\/www.emploi.ambitio.fr\/ambitioemploi\/wp-content\/uploads\/2021\/05\/Capture_d_A\u00a9cran_2021-05-31_A-_11.34.07-removebg-preview-e1622456273234.png\" alt=\"\"><span class=\"has-inline-color has-black-color\"><strong>Expertise<\/strong><\/span><\/p>\n\n\n\n<p class=\"has-small-font-size\"><span class=\"has-inline-color has-black-color\">Notre \u00e9quipe de recrutement est anim\u00e9e par la volont\u00e9 de <strong>partager<\/strong> son exp\u00e9rience et son <strong>savoir-faire<\/strong> pour vous apporter des conseils \u00e0 la hauteur de vos besoins. Le processus mis en \u0153uvre par Ambitio Emploi, unique en son genre et fort de notre expertise, conduit \u00e0 accompagner de nombreux acteurs de secteurs d\u2019activit\u00e9s les plus divers.<\/span><\/p>\n\n\n\n<p><img loading=\"lazy\" width=\"35\" height=\"30\" class=\"wp-image-466\" style=\"width: 35px;\" src=\"https:\/\/www.emploi.ambitio.fr\/ambitioemploi\/wp-content\/uploads\/2021\/05\/Capture_d_A\u00a9cran_2021-05-31_A-_11.16.21-removebg-preview-e1622452764944.png\" alt=\"\"><span class=\"has-inline-color has-black-color\"><strong>Proximit\u00e9<\/strong><\/span><\/p>\n\n\n\n<p class=\"has-small-font-size\"><span class=\"has-inline-color has-black-color\">Ambitio Emploi s\u2019appuie sur des valeurs professionnelles et humaines fortes afin de d\u00e9velopper une relation de <strong>proximit\u00e9<\/strong> sur le long terme du point de vue de nos clients comme de nos candidats. Nous <strong>\u00e9coutons<\/strong> les besoins de nos candidats afin de les <strong>accompagner<\/strong> et de les <strong>encourager<\/strong> \u00e0 devenir les entrepreneurs de leur carri\u00e8re. Concernant nos clients, notre cabinet travaille dans un esprit <strong>d\u2019alliance<\/strong> et de <strong>fid\u00e9lit\u00e9<\/strong> pour mener \u00e0 bien leurs missions de ressources humaines.<\/span>&nbsp;&nbsp;<\/p>\n<\/div><\/div>\n\n\n\n<p>&nbsp;<\/p>\n\n\n\n<h2 id=\"1---nos-offres--\"><span class=\"has-inline-color has-black-color\"><strong>NOS OFFRES<\/strong><\/span><\/h2>\n\n\n\n<p><span class=\"has-inline-color has-black-color\">Retrouvez l&rsquo;ensemble de nos offres d&#8217;emploi en cliquant <a href=\"https:\/\/www.emploi.ambitio.fr\/ambitioemploi\/nos-offres-demplois-2\/\">ici<\/a>. <\/span><\/p>\n\n\n\n<h3 id=\"2--notre-cabinet-de-conseils-\"><span class=\"has-inline-color has-white-color\">NOTRE CABINET DE CONSEILS<\/span><\/h3>\n\n\n\n<div class=\"wp-block-columns\">\n<div class=\"wp-block-column\" style=\"flex-basis:100%\">\n<div class=\"wp-block-columns\">\n<div class=\"wp-block-column\" style=\"flex-basis:100%\">\n<figure class=\"wp-block-gallery columns-4 is-cropped\"><ul class=\"blocks-gallery-grid\"><li class=\"blocks-gallery-item\"><figure><img loading=\"lazy\" width=\"1607\" height=\"933\" src=\"https:\/\/www.emploi.ambitio.fr\/ambitioemploi\/wp-content\/uploads\/2021\/05\/Grande-distribution-alimentaire.jpg\" alt=\"\" data-id=\"450\" data-full-url=\"https:\/\/www.emploi.ambitio.fr\/ambitioemploi\/wp-content\/uploads\/2021\/05\/Grande-distribution-alimentaire.jpg\" data-link=\"https:\/\/www.emploi.ambitio.fr\/ambitioemploi\/nos-offres-demplois\/grande-distribution-alimentaire\/\" class=\"wp-image-450\" srcset=\"https:\/\/www.emploi.ambitio.fr\/ambitioemploi\/wp-content\/uploads\/2021\/05\/Grande-distribution-alimentaire.jpg 1607w, https:\/\/www.emploi.ambitio.fr\/ambitioemploi\/wp-content\/uploads\/2021\/05\/Grande-distribution-alimentaire-300x174.jpg 300w, https:\/\/www.emploi.ambitio.fr\/ambitioemploi\/wp-content\/uploads\/2021\/05\/Grande-distribution-alimentaire-1024x595.jpg 1024w, https:\/\/www.emploi.ambitio.fr\/ambitioemploi\/wp-content\/uploads\/2021\/05\/Grande-distribution-alimentaire-768x446.jpg 768w, https:\/\/www.emploi.ambitio.fr\/ambitioemploi\/wp-content\/uploads\/2021\/05\/Grande-distribution-alimentaire-1536x892.jpg 1536w\" sizes=\"(max-width: 1607px) 100vw, 1607px\" \/><figcaption class=\"blocks-gallery-item__caption\">Grande distribution alimentaire<\/figcaption><\/figure><\/li><li class=\"blocks-gallery-item\"><figure><img loading=\"lazy\" width=\"800\" height=\"397\" src=\"https:\/\/www.emploi.ambitio.fr\/ambitioemploi\/wp-content\/uploads\/2021\/05\/Grande-distribution-specialisee.jpg\" alt=\"\" data-id=\"449\" data-full-url=\"https:\/\/www.emploi.ambitio.fr\/ambitioemploi\/wp-content\/uploads\/2021\/05\/Grande-distribution-specialisee.jpg\" data-link=\"https:\/\/www.emploi.ambitio.fr\/ambitioemploi\/nos-offres-demplois\/grande-distribution-specialisee\/\" class=\"wp-image-449\" srcset=\"https:\/\/www.emploi.ambitio.fr\/ambitioemploi\/wp-content\/uploads\/2021\/05\/Grande-distribution-specialisee.jpg 800w, https:\/\/www.emploi.ambitio.fr\/ambitioemploi\/wp-content\/uploads\/2021\/05\/Grande-distribution-specialisee-300x149.jpg 300w, https:\/\/www.emploi.ambitio.fr\/ambitioemploi\/wp-content\/uploads\/2021\/05\/Grande-distribution-specialisee-768x381.jpg 768w\" sizes=\"(max-width: 800px) 100vw, 800px\" \/><figcaption class=\"blocks-gallery-item__caption\">Grande distribution sp\u00e9cialis\u00e9e<\/figcaption><\/figure><\/li><li class=\"blocks-gallery-item\"><figure><img loading=\"lazy\" width=\"1000\" height=\"666\" src=\"https:\/\/www.emploi.ambitio.fr\/ambitioemploi\/wp-content\/uploads\/2021\/05\/Logistique-et-transport.jpg\" alt=\"\" data-id=\"452\" data-full-url=\"https:\/\/www.emploi.ambitio.fr\/ambitioemploi\/wp-content\/uploads\/2021\/05\/Logistique-et-transport.jpg\" data-link=\"https:\/\/www.emploi.ambitio.fr\/ambitioemploi\/nos-offres-demplois\/logistique-et-transport\/\" class=\"wp-image-452\" srcset=\"https:\/\/www.emploi.ambitio.fr\/ambitioemploi\/wp-content\/uploads\/2021\/05\/Logistique-et-transport.jpg 1000w, https:\/\/www.emploi.ambitio.fr\/ambitioemploi\/wp-content\/uploads\/2021\/05\/Logistique-et-transport-300x200.jpg 300w, https:\/\/www.emploi.ambitio.fr\/ambitioemploi\/wp-content\/uploads\/2021\/05\/Logistique-et-transport-768x511.jpg 768w\" sizes=\"(max-width: 1000px) 100vw, 1000px\" \/><figcaption class=\"blocks-gallery-item__caption\">Logistique &amp; Transport<\/figcaption><\/figure><\/li><li class=\"blocks-gallery-item\"><figure><img loading=\"lazy\" width=\"825\" height=\"410\" src=\"https:\/\/www.emploi.ambitio.fr\/ambitioemploi\/wp-content\/uploads\/2021\/05\/BTP-et-bureaux-detude.jpg\" alt=\"\" data-id=\"451\" data-full-url=\"https:\/\/www.emploi.ambitio.fr\/ambitioemploi\/wp-content\/uploads\/2021\/05\/BTP-et-bureaux-detude.jpg\" data-link=\"https:\/\/www.emploi.ambitio.fr\/ambitioemploi\/nos-offres-demplois\/concept-of-construction-and-design-3d-render-of-blueprints-and-designer-tools-on-the-panorama-of-construction-site\/\" class=\"wp-image-451\" srcset=\"https:\/\/www.emploi.ambitio.fr\/ambitioemploi\/wp-content\/uploads\/2021\/05\/BTP-et-bureaux-detude.jpg 825w, https:\/\/www.emploi.ambitio.fr\/ambitioemploi\/wp-content\/uploads\/2021\/05\/BTP-et-bureaux-detude-300x149.jpg 300w, https:\/\/www.emploi.ambitio.fr\/ambitioemploi\/wp-content\/uploads\/2021\/05\/BTP-et-bureaux-detude-768x382.jpg 768w\" sizes=\"(max-width: 825px) 100vw, 825px\" \/><figcaption class=\"blocks-gallery-item__caption\">BTP &amp; Bureau d&rsquo;\u00e9tude<\/figcaption><\/figure><\/li><\/ul><\/figure>\n<\/div>\n<\/div>\n<\/div>\n<\/div>\n\n\n\n<div class=\"wp-block-qubely-socialicons aligncenter qubely-block-89a076\"><div class=\"qubely-block-social-icons  qubely-layout-fill qubely-style-default\"><ul class=\"qubely-ul\"><li class=\"qubely-li qubely-social-item qubely-social-facebook\" arealabel=\"Facebook\"><a href=\"https:\/\/www.facebook.com\/Ambitio-Emploi-1335093416513809\/\" target=\"_blank\" rel=\"nofollow noopener noreferrer\"><i class=\"qubely-social-icon fab fa-facebook\"><\/i><span class=\"qubely-social-label\">Facebook<\/span><\/a><\/li><li class=\"qubely-li qubely-social-item qubely-social-linkedin\" arealabel=\"Facebook\"><a href=\"https:\/\/www.linkedin.com\/company\/ambitio-emploi\" target=\"_blank\" rel=\"nofollow noopener noreferrer\"><i class=\"qubely-social-icon fab fa-linkedin\"><\/i><span class=\"qubely-social-label\">Facebook<\/span><\/a><\/li><\/ul><\/div><\/div>\n","protected":false},"excerpt":{"rendered":"<p>_ Au-del\u00e0 d\u2019un simple accord commercial, Ambitio Emploi vous offre un accompagnement personnalis\u00e9 et des conseils sur-mesure.&nbsp;Plus que des rencontres professionnelles entre candidats et employeurs, nous vous proposons de construire et d\u2019entretenir ensemble une collaboration durable. __ Face \u00e0 un environnement \u00e9conomique et social en perp\u00e9tuel changement, notre cabinet de conseils en ressources humaines ne [&hellip;]<\/p>\n","protected":false},"author":1,"featured_media":0,"parent":0,"menu_order":0,"comment_status":"closed","ping_status":"closed","template":"","meta":{"qubely_global_settings":"","qubely_interactions":""},"yoast_head":"<!-- This site is optimized with the Yoast SEO plugin v16.4 - https:\/\/yoast.com\/wordpress\/plugins\/seo\/ -->\n<title>Ambitio Emploi cabinet de conseils en ressources humaines (CDD, CDI).<\/title>\n<meta name=\"description\" content=\"Notre cabinet de conseils contribue \u00e0 la r\u00e9ussite des projets de carri\u00e8res des candidats et au d\u00e9veloppement RH des entreprises.\" \/>\n<meta name=\"robots\" content=\"index, follow, max-snippet:-1, max-image-preview:large, max-video-preview:-1\" \/>\n<link rel=\"canonical\" href=\"https:\/\/www.emploi.ambitio.fr\/ambitioemploi\/\" \/>\n<meta property=\"og:locale\" content=\"fr_FR\" \/>\n<meta property=\"og:type\" content=\"article\" \/>\n<meta property=\"og:title\" content=\"Ambitio Emploi cabinet de conseils en ressources humaines (CDD, CDI).\" \/>\n<meta property=\"og:description\" content=\"Notre cabinet de conseils contribue \u00e0 la r\u00e9ussite des projets de carri\u00e8res des candidats et au d\u00e9veloppement RH des entreprises.\" \/>\n<meta property=\"og:url\" content=\"https:\/\/www.emploi.ambitio.fr\/ambitioemploi\/\" \/>\n<meta property=\"og:site_name\" content=\"AMBITIO EMPLOI\" \/>\n<meta property=\"article:modified_time\" content=\"2021-06-07T10:00:28+00:00\" \/>\n<meta property=\"og:image\" content=\"https:\/\/www.emploi.ambitio.fr\/ambitioemploi\/wp-content\/uploads\/2021\/05\/smartmockups_koidtzap-1024x683.jpg\" \/>\n<meta name=\"twitter:card\" content=\"summary_large_image\" \/>\n<meta name=\"twitter:label1\" content=\"Dur\u00e9e de lecture est.\" \/>\n\t<meta name=\"twitter:data1\" content=\"4 minutes\" \/>\n<script type=\"application\/ld+json\" class=\"yoast-schema-graph\">{\"@context\":\"https:\/\/schema.org\",\"@graph\":[{\"@type\":\"Organization\",\"@id\":\"https:\/\/www.emploi.ambitio.fr\/ambitioemploi\/#organization\",\"name\":\"AMBITIO EMPLOI\",\"url\":\"https:\/\/www.emploi.ambitio.fr\/ambitioemploi\/\",\"sameAs\":[],\"logo\":{\"@type\":\"ImageObject\",\"@id\":\"https:\/\/www.emploi.ambitio.fr\/ambitioemploi\/#logo\",\"inLanguage\":\"fr-FR\",\"url\":\"https:\/\/www.emploi.ambitio.fr\/ambitioemploi\/wp-content\/uploads\/2021\/02\/AmbitioEmploiLogoTransparent.png\",\"contentUrl\":\"https:\/\/www.emploi.ambitio.fr\/ambitioemploi\/wp-content\/uploads\/2021\/02\/AmbitioEmploiLogoTransparent.png\",\"width\":600,\"height\":596,\"caption\":\"AMBITIO EMPLOI\"},\"image\":{\"@id\":\"https:\/\/www.emploi.ambitio.fr\/ambitioemploi\/#logo\"}},{\"@type\":\"WebSite\",\"@id\":\"https:\/\/www.emploi.ambitio.fr\/ambitioemploi\/#website\",\"url\":\"https:\/\/www.emploi.ambitio.fr\/ambitioemploi\/\",\"name\":\"AMBITIO EMPLOI\",\"description\":\"VOTRE PARTENAIRE RECRUTEMENT\",\"publisher\":{\"@id\":\"https:\/\/www.emploi.ambitio.fr\/ambitioemploi\/#organization\"},\"potentialAction\":[{\"@type\":\"SearchAction\",\"target\":\"https:\/\/www.emploi.ambitio.fr\/ambitioemploi\/?s={search_term_string}\",\"query-input\":\"required name=search_term_string\"}],\"inLanguage\":\"fr-FR\"},{\"@type\":\"ImageObject\",\"@id\":\"https:\/\/www.emploi.ambitio.fr\/ambitioemploi\/#primaryimage\",\"inLanguage\":\"fr-FR\",\"url\":\"https:\/\/www.emploi.ambitio.fr\/ambitioemploi\/wp-content\/uploads\/2021\/05\/smartmockups_koidtzap.jpg\",\"contentUrl\":\"https:\/\/www.emploi.ambitio.fr\/ambitioemploi\/wp-content\/uploads\/2021\/05\/smartmockups_koidtzap.jpg\",\"width\":1920,\"height\":1281,\"caption\":\"Recrutement Ambitio Emploi\"},{\"@type\":\"WebPage\",\"@id\":\"https:\/\/www.emploi.ambitio.fr\/ambitioemploi\/#webpage\",\"url\":\"https:\/\/www.emploi.ambitio.fr\/ambitioemploi\/\",\"name\":\"Ambitio Emploi cabinet de conseils en ressources humaines (CDD, CDI).\",\"isPartOf\":{\"@id\":\"https:\/\/www.emploi.ambitio.fr\/ambitioemploi\/#website\"},\"primaryImageOfPage\":{\"@id\":\"https:\/\/www.emploi.ambitio.fr\/ambitioemploi\/#primaryimage\"},\"datePublished\":\"2020-06-11T12:55:50+00:00\",\"dateModified\":\"2021-06-07T10:00:28+00:00\",\"description\":\"Notre cabinet de conseils contribue \\u00e0 la r\\u00e9ussite des projets de carri\\u00e8res des candidats et au d\\u00e9veloppement RH des entreprises.\",\"breadcrumb\":{\"@id\":\"https:\/\/www.emploi.ambitio.fr\/ambitioemploi\/#breadcrumb\"},\"inLanguage\":\"fr-FR\",\"potentialAction\":[{\"@type\":\"ReadAction\",\"target\":[\"https:\/\/www.emploi.ambitio.fr\/ambitioemploi\/\"]}]},{\"@type\":\"BreadcrumbList\",\"@id\":\"https:\/\/www.emploi.ambitio.fr\/ambitioemploi\/#breadcrumb\",\"itemListElement\":[{\"@type\":\"ListItem\",\"position\":1,\"item\":{\"@type\":\"WebPage\",\"@id\":\"https:\/\/www.emploi.ambitio.fr\/ambitioemploi\/\",\"url\":\"https:\/\/www.emploi.ambitio.fr\/ambitioemploi\/\",\"name\":\"Accueil\"}},{\"@type\":\"ListItem\",\"position\":2,\"item\":{\"@id\":\"https:\/\/www.emploi.ambitio.fr\/ambitioemploi\/#webpage\"}}]}]}<\/script>\n<!-- \/ Yoast SEO plugin. -->","_links":{"self":[{"href":"https:\/\/www.emploi.ambitio.fr\/ambitioemploi\/wp-json\/wp\/v2\/pages\/26"}],"collection":[{"href":"https:\/\/www.emploi.ambitio.fr\/ambitioemploi\/wp-json\/wp\/v2\/pages"}],"about":[{"href":"https:\/\/www.emploi.ambitio.fr\/ambitioemploi\/wp-json\/wp\/v2\/types\/page"}],"author":[{"embeddable":true,"href":"https:\/\/www.emploi.ambitio.fr\/ambitioemploi\/wp-json\/wp\/v2\/users\/1"}],"replies":[{"embeddable":true,"href":"https:\/\/www.emploi.ambitio.fr\/ambitioemploi\/wp-json\/wp\/v2\/comments?post=26"}],"version-history":[{"count":83,"href":"https:\/\/www.emploi.ambitio.fr\/ambitioemploi\/wp-json\/wp\/v2\/pages\/26\/revisions"}],"predecessor-version":[{"id":736,"href":"https:\/\/www.emploi.ambitio.fr\/ambitioemploi\/wp-json\/wp\/v2\/pages\/26\/revisions\/736"}],"wp:attachment":[{"href":"https:\/\/www.emploi.ambitio.fr\/ambitioemploi\/wp-json\/wp\/v2\/media?parent=26"}],"curies":[{"name":"wp","href":"https:\/\/api.w.org\/{rel}","templated":true}]}}