{"id":158,"date":"2020-11-26T15:10:45","date_gmt":"2020-11-26T14:10:45","guid":{"rendered":"http:\/\/www.emploi.ambitio.fr\/ambitioemploi\/?page_id=158"},"modified":"2021-06-07T10:51:59","modified_gmt":"2021-06-07T08:51:59","slug":"nos-offres-demplois-2","status":"publish","type":"page","link":"https:\/\/www.emploi.ambitio.fr\/ambitioemploi\/nos-offres-demplois-2\/","title":{"rendered":"Nos offres d&#8217;emplois"},"content":{"rendered":"\n<p><span class=\"has-inline-color has-white-color\">Offres d&#8217;emploi<\/span><\/p>\n\n\n\n<div class=\"wp-block-media-text alignwide is-stacked-on-mobile is-image-fill has-background\" style=\"background-color:#cfd9e9\"><figure class=\"wp-block-media-text__media\" style=\"background-image:url(https:\/\/www.emploi.ambitio.fr\/ambitioemploi\/wp-content\/uploads\/2021\/05\/smartmockups_koinhovh-2-1024x682.jpg);background-position:50% 50%\"><img loading=\"lazy\" width=\"1024\" height=\"682\" src=\"https:\/\/www.emploi.ambitio.fr\/ambitioemploi\/wp-content\/uploads\/2021\/05\/smartmockups_koinhovh-2-1024x682.jpg\" alt=\"Ambitio Emploi, cabinet de conseils en ressources humaines : offres d'emploi\" class=\"wp-image-508 size-full\" srcset=\"https:\/\/www.emploi.ambitio.fr\/ambitioemploi\/wp-content\/uploads\/2021\/05\/smartmockups_koinhovh-2-1024x682.jpg 1024w, https:\/\/www.emploi.ambitio.fr\/ambitioemploi\/wp-content\/uploads\/2021\/05\/smartmockups_koinhovh-2-300x200.jpg 300w, https:\/\/www.emploi.ambitio.fr\/ambitioemploi\/wp-content\/uploads\/2021\/05\/smartmockups_koinhovh-2-768x512.jpg 768w, https:\/\/www.emploi.ambitio.fr\/ambitioemploi\/wp-content\/uploads\/2021\/05\/smartmockups_koinhovh-2-1536x1023.jpg 1536w, https:\/\/www.emploi.ambitio.fr\/ambitioemploi\/wp-content\/uploads\/2021\/05\/smartmockups_koinhovh-2.jpg 1920w\" sizes=\"(max-width: 1024px) 100vw, 1024px\" \/><\/figure><div class=\"wp-block-media-text__content\">\n<p style=\"font-size:21px\"><span class=\"has-inline-color has-black-color\">Trouvez des&nbsp;<strong>offres d&#8217;emploi<\/strong>&nbsp;qui correspondent \u00e0&nbsp;<strong>vos crit\u00e8res<\/strong>.<\/span><\/p>\n\n\n\n<p><span class=\"has-inline-color has-black-color\">Ambitio Emploi place son expertise dans les secteurs de la grande distribution alimentaire et sp\u00e9cialis\u00e9e, le BTP, les bureaux d&rsquo;\u00e9tudes ainsi que le transport et la logistique.<\/span><\/p>\n<\/div><\/div>\n\n\n\n<p><span class=\"has-inline-color has-white-color\">_<\/span><\/p>\n\n\n\n<p><span class=\"has-inline-color has-black-color\">Notre cabinet de conseils en Ressources Humaines est constamment \u00e0 la recherche de talents. Si vous n\u2019avez pas trouv\u00e9 d\u2019offres d\u2019emploi correspondant \u00e0 vos aspirations professionnelles, vous pouvez d\u00e9poser votre candidature ci-dessous. <\/span><\/p>\n\n\n\n<div class=\"wp-block-buttons\">\n<div class=\"wp-block-button\"><a class=\"wp-block-button__link\" href=\"https:\/\/www.emploi.ambitio.fr\/ambitioemploi\/contact\/\">Candidature spontan\u00e9e<\/a><\/div>\n<\/div>\n\n\n\n<p><span class=\"has-inline-color has-white-color\">_<\/span><\/p>\n\n\n\n<div class=\"job_listings\" data-location=\"\" data-keywords=\"\" data-show_filters=\"true\" data-show_pagination=\"false\" data-per_page=\"20\" data-orderby=\"featured\" data-order=\"DESC\" data-categories=\"\" data-disable-form-state-storage=\"\" data-post_id=\"158\" >\n<form class=\"job_filters\">\n\t\n\t<div class=\"search_jobs\">\n\t\t\n\t\t<div class=\"search_keywords\">\n\t\t\t<label for=\"search_keywords\">Mots-cl\u00e9s<\/label>\n\t\t\t<input type=\"text\" name=\"search_keywords\" id=\"search_keywords\" placeholder=\"Mots-cl\u00e9s\" value=\"\" \/>\n\t\t<\/div>\n\n\t\t<div class=\"search_location\">\n\t\t\t<label for=\"search_location\">Lieu du poste<\/label>\n\t\t\t<input type=\"text\" name=\"search_location\" id=\"search_location\" placeholder=\"Lieu du poste\" value=\"\" \/>\n\t\t<\/div>\n\n\t\t<div style=\"clear: both\"><\/div>\n\n\t\t\n\t\t\t\t\t<div class=\"search_submit\">\n\t\t\t\t<input type=\"submit\" value=\"Rechercher des postes\">\n\t\t\t<\/div>\n\t\t\n\t\t\t<\/div>\n\n\t\t<ul class=\"job_types\">\n\t\t\t<\/ul>\n\t<input type=\"hidden\" name=\"filter_job_type[]\" value=\"\" \/>\n<div class=\"showing_jobs\"><\/div><\/form>\n\n\n<noscript>Votre navigateur ne supporte pas JavaScript, ou bien JavaScript est d\u00e9sactiv\u00e9. JavaScript doit \u00eatre activ\u00e9 pour pouvoir visualiser des postes.<\/noscript>\n<ul class=\"job_listings\">\n<\/ul>\n<a class=\"load_more_jobs\" href=\"#\" style=\"display:none;\"><strong>Afficher plus de postes<\/strong><\/a><\/div>\n\n\n\n<div class=\"wp-block-qubely-socialicons qubely-block-ad39e8\"><div class=\"qubely-block-social-icons  qubely-layout-fill qubely-style-default\"><ul class=\"qubely-ul\"><li class=\"qubely-li qubely-social-item qubely-social-facebook\" arealabel=\"Facebook\"><a href=\"https:\/\/www.facebook.com\/Ambitio-Emploi-1335093416513809\/\" target=\"_blank\" rel=\"nofollow noopener noreferrer\"><i class=\"qubely-social-icon fab fa-facebook\"><\/i><span class=\"qubely-social-label\">Facebook<\/span><\/a><\/li><li class=\"qubely-li qubely-social-item qubely-social-linkedin\" arealabel=\"LinkedIn\"><a href=\"https:\/\/www.linkedin.com\/company\/ambitio-emploi\" target=\"_blank\" rel=\"nofollow noopener noreferrer\"><i class=\"qubely-social-icon fab fa-linkedin\"><\/i><span class=\"qubely-social-label\">LinkedIn<\/span><\/a><\/li><\/ul><\/div><\/div>\n","protected":false},"excerpt":{"rendered":"<p>Offres d&#8217;emploi Trouvez des&nbsp;offres d&#8217;emploi&nbsp;qui correspondent \u00e0&nbsp;vos crit\u00e8res. Ambitio Emploi place son expertise dans les secteurs de la grande distribution alimentaire et sp\u00e9cialis\u00e9e, le BTP, les bureaux d&rsquo;\u00e9tudes ainsi que le transport et la logistique. _ Notre cabinet de conseils en Ressources Humaines est constamment \u00e0 la recherche de talents. Si vous n\u2019avez pas trouv\u00e9 [&hellip;]<\/p>\n","protected":false},"author":1,"featured_media":0,"parent":0,"menu_order":0,"comment_status":"closed","ping_status":"closed","template":"","meta":{"qubely_global_settings":"","qubely_interactions":""},"yoast_head":"<!-- This site is optimized with the Yoast SEO plugin v16.4 - https:\/\/yoast.com\/wordpress\/plugins\/seo\/ -->\n<title>Offres d&#039;emploi dans la grande distribution, le BTP, transport, logistique...<\/title>\n<meta name=\"description\" content=\"Notre cabinet vous propose de nombreuses offres d&#039;emploi dans le secteur de la grande distribution, du BTP, du transport, de la logistique...\" \/>\n<meta name=\"robots\" content=\"index, follow, max-snippet:-1, max-image-preview:large, max-video-preview:-1\" \/>\n<link rel=\"canonical\" href=\"https:\/\/www.emploi.ambitio.fr\/ambitioemploi\/nos-offres-demplois-2\/\" \/>\n<meta property=\"og:locale\" content=\"fr_FR\" \/>\n<meta property=\"og:type\" content=\"article\" \/>\n<meta property=\"og:title\" content=\"Offres d&#039;emploi dans la grande distribution, le BTP, transport, logistique...\" \/>\n<meta property=\"og:description\" content=\"Notre cabinet vous propose de nombreuses offres d&#039;emploi dans le secteur de la grande distribution, du BTP, du transport, de la logistique...\" \/>\n<meta property=\"og:url\" content=\"https:\/\/www.emploi.ambitio.fr\/ambitioemploi\/nos-offres-demplois-2\/\" \/>\n<meta property=\"og:site_name\" content=\"AMBITIO EMPLOI\" \/>\n<meta property=\"article:modified_time\" content=\"2021-06-07T08:51:59+00:00\" \/>\n<meta property=\"og:image\" content=\"https:\/\/www.emploi.ambitio.fr\/ambitioemploi\/wp-content\/uploads\/2021\/05\/smartmockups_koinhovh-2-1024x682.jpg\" \/>\n<meta name=\"twitter:card\" content=\"summary_large_image\" \/>\n<meta name=\"twitter:label1\" content=\"Dur\u00e9e de lecture est.\" \/>\n\t<meta name=\"twitter:data1\" content=\"1 minute\" \/>\n<script type=\"application\/ld+json\" class=\"yoast-schema-graph\">{\"@context\":\"https:\/\/schema.org\",\"@graph\":[{\"@type\":\"Organization\",\"@id\":\"https:\/\/www.emploi.ambitio.fr\/ambitioemploi\/#organization\",\"name\":\"AMBITIO EMPLOI\",\"url\":\"https:\/\/www.emploi.ambitio.fr\/ambitioemploi\/\",\"sameAs\":[],\"logo\":{\"@type\":\"ImageObject\",\"@id\":\"https:\/\/www.emploi.ambitio.fr\/ambitioemploi\/#logo\",\"inLanguage\":\"fr-FR\",\"url\":\"https:\/\/www.emploi.ambitio.fr\/ambitioemploi\/wp-content\/uploads\/2021\/02\/AmbitioEmploiLogoTransparent.png\",\"contentUrl\":\"https:\/\/www.emploi.ambitio.fr\/ambitioemploi\/wp-content\/uploads\/2021\/02\/AmbitioEmploiLogoTransparent.png\",\"width\":600,\"height\":596,\"caption\":\"AMBITIO EMPLOI\"},\"image\":{\"@id\":\"https:\/\/www.emploi.ambitio.fr\/ambitioemploi\/#logo\"}},{\"@type\":\"WebSite\",\"@id\":\"https:\/\/www.emploi.ambitio.fr\/ambitioemploi\/#website\",\"url\":\"https:\/\/www.emploi.ambitio.fr\/ambitioemploi\/\",\"name\":\"AMBITIO EMPLOI\",\"description\":\"VOTRE PARTENAIRE RECRUTEMENT\",\"publisher\":{\"@id\":\"https:\/\/www.emploi.ambitio.fr\/ambitioemploi\/#organization\"},\"potentialAction\":[{\"@type\":\"SearchAction\",\"target\":\"https:\/\/www.emploi.ambitio.fr\/ambitioemploi\/?s={search_term_string}\",\"query-input\":\"required name=search_term_string\"}],\"inLanguage\":\"fr-FR\"},{\"@type\":\"ImageObject\",\"@id\":\"https:\/\/www.emploi.ambitio.fr\/ambitioemploi\/nos-offres-demplois-2\/#primaryimage\",\"inLanguage\":\"fr-FR\",\"url\":\"https:\/\/www.emploi.ambitio.fr\/ambitioemploi\/wp-content\/uploads\/2021\/05\/smartmockups_koinhovh-2.jpg\",\"contentUrl\":\"https:\/\/www.emploi.ambitio.fr\/ambitioemploi\/wp-content\/uploads\/2021\/05\/smartmockups_koinhovh-2.jpg\",\"width\":1920,\"height\":1279},{\"@type\":\"WebPage\",\"@id\":\"https:\/\/www.emploi.ambitio.fr\/ambitioemploi\/nos-offres-demplois-2\/#webpage\",\"url\":\"https:\/\/www.emploi.ambitio.fr\/ambitioemploi\/nos-offres-demplois-2\/\",\"name\":\"Offres d'emploi dans la grande distribution, le BTP, transport, logistique...\",\"isPartOf\":{\"@id\":\"https:\/\/www.emploi.ambitio.fr\/ambitioemploi\/#website\"},\"primaryImageOfPage\":{\"@id\":\"https:\/\/www.emploi.ambitio.fr\/ambitioemploi\/nos-offres-demplois-2\/#primaryimage\"},\"datePublished\":\"2020-11-26T14:10:45+00:00\",\"dateModified\":\"2021-06-07T08:51:59+00:00\",\"description\":\"Notre cabinet vous propose de nombreuses offres d'emploi dans le secteur de la grande distribution, du BTP, du transport, de la logistique...\",\"breadcrumb\":{\"@id\":\"https:\/\/www.emploi.ambitio.fr\/ambitioemploi\/nos-offres-demplois-2\/#breadcrumb\"},\"inLanguage\":\"fr-FR\",\"potentialAction\":[{\"@type\":\"ReadAction\",\"target\":[\"https:\/\/www.emploi.ambitio.fr\/ambitioemploi\/nos-offres-demplois-2\/\"]}]},{\"@type\":\"BreadcrumbList\",\"@id\":\"https:\/\/www.emploi.ambitio.fr\/ambitioemploi\/nos-offres-demplois-2\/#breadcrumb\",\"itemListElement\":[{\"@type\":\"ListItem\",\"position\":1,\"item\":{\"@type\":\"WebPage\",\"@id\":\"https:\/\/www.emploi.ambitio.fr\/ambitioemploi\/\",\"url\":\"https:\/\/www.emploi.ambitio.fr\/ambitioemploi\/\",\"name\":\"Accueil\"}},{\"@type\":\"ListItem\",\"position\":2,\"item\":{\"@id\":\"https:\/\/www.emploi.ambitio.fr\/ambitioemploi\/nos-offres-demplois-2\/#webpage\"}}]}]}<\/script>\n<!-- \/ Yoast SEO plugin. -->","_links":{"self":[{"href":"https:\/\/www.emploi.ambitio.fr\/ambitioemploi\/wp-json\/wp\/v2\/pages\/158"}],"collection":[{"href":"https:\/\/www.emploi.ambitio.fr\/ambitioemploi\/wp-json\/wp\/v2\/pages"}],"about":[{"href":"https:\/\/www.emploi.ambitio.fr\/ambitioemploi\/wp-json\/wp\/v2\/types\/page"}],"author":[{"embeddable":true,"href":"https:\/\/www.emploi.ambitio.fr\/ambitioemploi\/wp-json\/wp\/v2\/users\/1"}],"replies":[{"embeddable":true,"href":"https:\/\/www.emploi.ambitio.fr\/ambitioemploi\/wp-json\/wp\/v2\/comments?post=158"}],"version-history":[{"count":17,"href":"https:\/\/www.emploi.ambitio.fr\/ambitioemploi\/wp-json\/wp\/v2\/pages\/158\/revisions"}],"predecessor-version":[{"id":4625,"href":"https:\/\/www.emploi.ambitio.fr\/ambitioemploi\/wp-json\/wp\/v2\/pages\/158\/revisions\/4625"}],"wp:attachment":[{"href":"https:\/\/www.emploi.ambitio.fr\/ambitioemploi\/wp-json\/wp\/v2\/media?parent=158"}],"curies":[{"name":"wp","href":"https:\/\/api.w.org\/{rel}","templated":true}]}}